er when a is divided by (1/r)/((-1)/8).
0
Let h = 356 - 253. Suppose 28*o + 39*o - 2619 = -30*o. Calculate the remainder when h is divided by o.
22
Suppose 1587 = 3*j - 3*m, 279 + 262 = j - 5*m. Let y = 534 - j. What is the remainder when 221 is divided by y?
5
Let a = 9 - 5. Suppose 3*u = u - 5*i + 40, 26 = u + a*i. Calculate the remainder when 305/((-5)/(-1)) + 8 is divided by u.
9
What is the remainder when 562 + (-16)/(-8)*-4 is divided by 44?
26
Suppose -u + 2*u = 2*q - 372, -q + 200 = -4*u. Suppose 3*h - q = -13. Let s = 557 + -528. Calculate the remainder when h is divided by s.
28
Let d(x) = 7*x - 103. Suppose -92*h + 64 = -88*h. Calculate the remainder when 97 is divided by d(h).
7
Suppose -4*t + 0*t - k = 353, -t = -5*k + 83. Let p = t + 69. Let a = p - -37. Calculate the remainder when a is divided by 3.
0
Let d(g) be the first derivative of g**3 + g**2 + 3*g - 2. Let k(n) = 20*n + 1140. Calculate the remainder when d(4) is divided by k(-56).
19
Let n = 4618 - 901. Calculate the remainder when n is divided by 8.
5
Suppose 5*t + 3*j + 598 = 9*t, t = 2*j + 147. What is the remainder when 285 is divided by t?
134
Suppose 2140 = -5*a - 5*p, -4*a - 2*p = 1857 - 135. Let i = -245 - a. Calculate the remainder when i is divided by 27.
26
Let d be 152/(-16)*-4 + -1 + 1. Suppose -41*p + d*p = -165. Calculate the remainder when 105 is divided by p.
50
Suppose -8*w + 9*w = -6*x + 157, 356 = 2*w + 5*x. What is the remainder when 619 is divided by w?
40
Suppose 0 = 136*t - 140*t + 28. Suppose -4*x = -21 + 1. What is the remainder when t is divided by x?
2
Let x(l) = -44*l + 3. Let n be (-16 - -14) + 1 + 0. Calculate the remainder when x(n) is divided by 4/(36/39)*3.
8
Suppose -14740 = -3*a + 5*r, 4*r = 89*a - 92*a + 14722. Calculate the remainder when a is divided by 16.
14
What is the remainder when 4439 is divided by (-10115)/(-91) - (-64)/(-416)?
110
Let z(r) = -2*r**3 - 5*r**2 + 55*r + 12. Calculate the remainder when 275 is divided by z(4).
11
Suppose 269*o + 92*o = -85*o + 9646980. Calculate the remainder when o is divided by 104.
102
Suppose -6*n = 4*n - 680. What is the remainder when (-11436)/(-102) - 0 - 8/n is divided by 23?
20
Let p(n) = 3*n - 32. Let a be (3/6)/((-2)/4)*-24. Suppose -27 = -2*g + i, -2*i - 6 = -g + 6. Calculate the remainder when p(a) is divided by g.
12
Suppose -773*j + 772*j + 2*h + 88 = 0, -3*j - h = -229. What is the remainder when 1011 is divided by j?
75
Let m(y) = 77 + 66*y - 133*y + 79*y. What is the remainder when 72 is divided by m(-6)?
2
Let q(v) = v**3 + 143. Let m = 76 - 76. Let c be q(m). Let p = c - 95. Calculate the remainder when p is divided by 18.
12
Let f = 1 - -39. Suppose 2*y + 2*j - f = 0, -5*y - 2*j + 50 + 53 = 0. Let w = -8068 + 8147. Calculate the remainder when w is divided by y.
16
Let p(t) = -t**3 + 13*t**2 - 25*t - 3*t**2 - 31*t + 41*t - 5. Let m be p(8). Suppose -58 = m*l - 5*l. Calculate the remainder when l is divided by 15.
14
Let i be (-1)/(-2) + -5*24/16. What is the remainder when 74 is divided by (-1)/i*-3 - (-108)/7?
14
Let c = -14458 - -15036. Calculate the remainder when c is divided by 151.
125
Let r(k) be the second derivative of k**3/3 + 3*k**2 - 8*k - 5. What is the remainder when 118 is divided by r(9)?
22
Suppose 5*t + 3*q + 70 = 1437, 0 = -4*t - 3*q + 1096. Suppose 4*r = -5*s + 54, -4*s - 80 = -2*r - 66. Calculate the remainder when t is divided by r.
7
Suppose 0 = 69*a - 75*a + 24. Suppose -62 = -g + a*u, 5*g - 242 = 3*u - 0*u. What is the remainder when 133 is divided by g?
41
What is the remainder when (-4)/(-3)*229*(-30)/(-5) is divided by 23?
15
Suppose -406 = -2*y - 2*a, -14*y + 3*a - 217 = -15*y. What is the remainder when 567 is divided by y?
175
Suppose -2*o = 14 - 146. Suppose 20*m = 22*m - o. Calculate the remainder when 259 is divided by m.
28
Suppose -2*o + b = -31, -4*b + 171 - 139 = 5*o. Calculate the remainder when 34 is divided by o.
10
Suppose -4*j + 3*j = 2, 0 = -2*c + 4*j + 130. Let g(l) = -l**2 - 28*l - 184. What is the remainder when c is divided by g(-13)?
6
Let j = -417 + 426. What is the remainder when 8628 is divided by j?
6
Let a(u) = -36*u + 3. Suppose 23*f = 19*f + 4*l + 92, 2*l - 122 = -4*f. What is the remainder when a(-3) is divided by f?
27
Suppose 5*b + 10*d = 6*d + 204, 4*d - 116 = -3*b. Let g(l) = -l**2 - 31*l + 28. What is the remainder when g(-13) is divided by b?
42
Let z = 73 - 42. Let o = 34 - z. Suppose 2*h = -4*t + 76, -2*t - h - 19 = -o*t. What is the remainder when 71 is divided by t?
14
Suppose -243*x + 232*x + 2629 = 0. Calculate the remainder when x is divided by 70.
29
Calculate the remainder when 4072 is divided by (-263396)/(-1610) + 6/(-10).
160
Let f = -177 - -158. Let u(n) = n**3 + 14*n**2 - 99*n - 44. Calculate the remainder when (190/(-8))/((-2)/8) is divided by u(f).
31
Suppose 2*m - 4*b = -10, 3*m - 1 = -41*b + 43*b. What is the remainder when 787 is divided by m?
1
Let y(d) = d**2 + 229*d + 6347. Suppose -3*j - 4*r = -193, -3*j + j + 5*r = -167. Calculate the remainder when j is divided by y(-32).
28
Let q(r) be the third derivative of -1/24*r**4 - 9*r**2 + 0 + 59/6*r**3 + 0*r. Calculate the remainder when q(20) is divided by 21.
18
Let d = -338 - -338. Suppose 202*n - 209*n + 56 = d. Let a = 7 - -7. What is the remainder when a is divided by n?
6
Let b be 3*(234 - -2) + 1. Suppose b = -6*i - 431. Let l = -119 - i. What is the remainder when l is divided by 12?
11
Suppose 0 = -14*i + 1 + 41. Let a be -2 + 1/(i/483). Let n = a - 73. Calculate the remainder when n is divided by 22.
20
Suppose 5*g = -2*q + 21, -q - 3*g - 76 = -84. Let m = 220 + -154. What is the remainder when m is divided by q?
20
Suppose -13 = 3*f + 32. Let y = -10 - f. Suppose z - 4*p = 127, y*z + p - 104 - 636 = 0. What is the remainder when z is divided by 37?
36
Let p = 522 + -523. Let v(t) = 87*t**2 + 9*t - 1. What is the remainder when 296 is divided by v(p)?
65
Let o(q) = -2*q**3 - 4*q**2 + 30*q + 108. Calculate the remainder when o(-8) is divided by 9.
6
Let j(g) = 5*g**3 + 69*g**2 + 10*g - 29. What is the remainder when j(-10) is divided by 252?
7
Suppose 1996*u = 2004*u - 872. What is the remainder when 338 is divided by u?
11
Suppose 98*p - 94*p + z = 248, -5*p - z + 309 = 0. What is the remainder when 403 is divided by p?
37
Let u be 24 + -3*(2 - 1). Let w = 25 + u. Suppose 4*c - w = 42. What is the remainder when 63 is divided by c?
19
Let c = 26439 + -26421. Calculate the remainder when 10025 is divided by c.
17
Let b(t) = 16*t**3 + 8*t**2 - 22*t + 78. Let p be b(6). Suppose -9*u - p = -3897. Calculate the remainder when (-453)/(-2) - 1/(-2) is divided by u.
20
Let u(m) = -m**3 + 10*m**2 + 22*m - 135. What is the remainder when 126 is divided by u(10)?
41
Suppose 146 = 5*l - 3*i - 980, l + 2*i = 233. Calculate the remainder when l is divided by 105.
17
Let m = 88 - 12. Suppose 25*r + 1658 = 1933. Calculate the remainder when m is divided by r.
10
Calculate the remainder when (-3782)/(-3) + 6 + (-112)/24 is divided by 79.
77
Suppose c - 9*i - 179 = -14*i, 5*i - 686 = -4*c. Calculate the remainder when c is divided by 27.
7
What is the remainder when 2604 is divided by (-32)/16 - ((-1)/(-2) + 358/(-4))?
81
Suppose 6*g - 2*g - 324 = 0. Suppose 1308 = 9*h + 3*h. Suppose -6*w + 17 = -h. Calculate the remainder when g is divided by w.
18
Suppose -3*a + 51 = -r, -69*a = -75*a - 2*r + 102. Calculate the remainder when 139 is divided by a.
3
Let b be (-9 + 7)*(-12)/8. Suppose -u + k + 66 = 0, -b*u + 195 + 7 = -4*k. Calculate the remainder when u is divided by 17.
11
Suppose 6*o - 22 = 2*o + f, 0 = 2*o - f - 12. Suppose p - 6 = 3*r + 20, 3*p - 78 = -o*r. What is the remainder when p is divided by 9?
8
Let d(q) = 23*q**2 + 2*q - 7. Calculate the remainder when d(3) is divided by 0 + 0 + (-15)/((-105)/133).
16
Let j = -324 + 328. Suppose j = -2*g + 26. Let a = 11 - -19. Calculate the remainder when a is divided by g.
8
Let t(y) = 422*y - 18984. Calculate the remainder when 39862 is divided by t(45).
4
Let i(t) = 48*t + 529. Let k = -5 + 7. Suppose 3 = h + k. Calculate the remainder when h is divided by i(-11).
0
Calculate the remainder when 1030 is divided by 40/((-1)/(-8) - (35/(-8))/5).
30
Suppose -15*a = -13*a - 10. Let u(k) = k**3 - 3*k